
120
What is -83 (base 9) in base 7?
-135
Convert 4 (base 9) to base 15.
4
-3 (base 10) to base 16
-3
2011 (base 3) to base 6
134
-2 (base 7) to base 13
-2
-4 (base 9) to base 3
-11
What is -50 (base 7) in base 6?
-55
What is -7 (base 10) in base 16?
-7
Convert 4c (base 13) to base 2.
1000000
-120 (base 3) to base 6
-23
What is -115 (base 7) in base 5?
-221
-34 (base 11) to base 13
-2b
-f (base 16) to base 12
-13
What is 1 (base 13) in base 6?
1
What is -302 (base 10) in base 2?
-100101110
What is -3 (base 6) in base 14?
-3
31 (base 5) to base 10
16
What is 6 (base 14) in base 16?
6
-15 (base 13) to base 15
-13
Convert -203 (base 4) to base 16.
-23
-36 (base 13) to base 16
-2d
Convert 87 (base 10) to base 16.
57
-1021 (base 4) to base 9
-81
11 (base 2) to base 16
3
1011 (base 2) to base 11
10
Convert -46 (base 10) to base 6.
-114
-5 (base 9) to base 13
-5
-24 (base 16) to base 2
-100100
What is 400 (base 6) in base 16?
90
-8 (base 14) to base 6
-12
What is -1 (base 13) in base 2?
-1
What is 31 (base 11) in base 14?
26
11 (base 10) to base 13
b
26 (base 16) to base 5
123
What is 62 (base 7) in base 13?
35
What is 1021 (base 3) in base 4?
202
What is -6 (base 14) in base 2?
-110
Convert -112 (base 3) to base 6.
-22
2 (base 16) to base 11
2
1 (base 5) to base 9
1
Convert -1 (base 3) to base 4.
-1
223 (base 5) to base 16
3f
Convert -8 (base 13) to base 5.
-13
Convert 0 (base 3) to base 12.
0
-1000001 (base 2) to base 3
-2102
-a0 (base 11) to base 14
-7c
7 (base 16) to base 13
7
What is -110001 (base 2) in base 7?
-100
What is 11 (base 11) in base 10?
12
-32 (base 15) to base 5
-142
Convert 18 (base 10) to base 3.
200
Convert 1 (base 7) to base 16.
1
5 (base 6) to base 12
5
102 (base 10) to base 4
1212
Convert -66 (base 9) to base 16.
-3c
What is -1 (base 12) in base 16?
-1
Convert -13b (base 16) to base 6.
-1243
-152 (base 16) to base 11
-288
-12 (base 6) to base 3
-22
Convert 5 (base 16) to base 7.
5
Convert 12 (base 12) to base 9.
15
Convert 164 (base 8) to base 5.
431
0 (base 9) to base 11
0
What is 0 (base 14) in base 6?
0
1 (base 15) to base 3
1
Convert -7 (base 9) to base 12.
-7
Convert -13 (base 5) to base 10.
-8
6 (base 7) to base 2
110
-10 (base 3) to base 12
-3
-21 (base 16) to base 11
-30
7 (base 12) to base 4
13
Convert 442 (base 5) to base 8.
172
What is 3d (base 15) in base 7?
112
What is -8 (base 10) in base 14?
-8
Convert -9 (base 13) to base 9.
-10
What is 3 (base 11) in base 12?
3
What is -6 (base 15) in base 13?
-6
Convert -11 (base 5) to base 4.
-12
Convert -33 (base 12) to base 15.
-29
Convert 2 (base 15) to base 3.
2
What is 1 (base 4) in base 5?
1
-28 (base 16) to base 3
-1111
What is 12 (base 13) in base 14?
11
What is 45 (base 14) in base 16?
3d
-10320 (base 4) to base 15
-15c
What is -3c (base 15) in base 7?
-111
Convert -4 (base 6) to base 12.
-4
Convert -72 (base 15) to base 12.
-8b
What is -110110 (base 2) in base 9?
-60
-11 (base 10) to base 5
-21
What is -36 (base 8) in base 10?
-30
Convert -4 (base 12) to base 3.
-11
Convert 10 (base 5) to base 9.
5
100 (base 2) to base 7
4
What is 2b (base 16) in base 13?
34
Convert 20 (base 12) to base 8.
30
Convert -9 (base 10) to base 7.
-12
-25 (base 6) to base 15
-12
Convert 1000 (base 2) to base 3.
22
What is 3 (base 4) in base 9?
3
215 (base 6) to base 11
76
Convert 141 (base 10) to base 9.
166
1 (base 16) to base 14
1
21b (base 12) to base 6
1235
What is -266 (base 9) in base 5?
-1342
Convert 5 (base 11) to base 2.
101
Convert -3 (base 5) to base 11.
-3
What is -26 (base 11) in base 9?
-31
What is 10 (base 16) in base 7?
22
What is 2 (base 15) in base 2?
10
Convert -2 (base 3) to base 13.
-2
Convert -32 (base 8) to base 13.
-20
What is -431 (base 7) in base 11?
-189
235 (base 6) to base 13
74
Convert 74 (base 8) to base 10.
60
-130 (base 8) to base 10
-88
What is -2 (base 14) in base 8?
-2
-5 (base 7) to base 6
-5
-c (base 14) to base 15
-c
What is 10 (base 5) in base 7?
5
What is -1441 (base 6) in base 11?
-320
What is 30 (base 10) in base 11?
28
-7 (base 15) to base 3
-21
Convert -122 (base 3) to base 10.
-17
-60 (base 9) to base 12
-46
Convert 211 (base 3) to base 5.
42
2001 (base 3) to base 13
43
What is -44 (base 8) in base 10?
-36
Convert -10 (base 4) to base 9.
-4
401 (base 5) to base 2
1100101
Convert 3b (base 15) to base 5.
211
-10 (base 9) to base 5
-14
Convert -1 (base 10) to base 15.
-1
What is -32 (base 9) in base 12?
-25
Convert 4 (base 16) to base 7.
4
What is -22 (base 15) in base 7?
-44
0 (base 3) to base 10
0
-c (base 14) to base 7
-15
8 (base 14) to base 16
8
What is -4 (base 15) in base 10?
-4
What is -1 (base 3) in base 2?
-1
3 (base 15) to base 8
3
Convert b3 (base 12) to base 7.
252
-303 (base 5) to base 6
-210
1 (base 8) to base 3
1
-305 (base 7) to base 2
-10011000
What is 1 (base 9) in base 8?
1
What is 31 (base 13) in base 8?
50
What is -6 (base 13) in base 7?
-6
Convert 21 (base 5) to base 6.
15
What is 1b (base 15) in base 12?
22
Convert -225 (base 7) to base 9.
-140
3 (base 8) to base 11
3
What is -14 (base 8) in base 15?
-c
What is -3 (base 9) in base 6?
-3
Convert 0 (base 6) to base 14.
0
Convert -1 (base 2) to base 10.
-1
-21 (base 9) to base 6
-31
10102 (base 3) to base 11
84
Convert -9 (base 11) to base 3.
-100
Convert -1 (base 16) to base 3.
-1
4 (base 12) to base 3
11
Convert 110 (base 2) to base 5.
11
What is -121 (base 4) in base 14?
-1b
What is -14 (base 14) in base 8?
-22
Convert 0 (base 13) to base 2.
0
-17 (base 12) to base 16
-13
-9 (base 14) to base 8
-11
1 (base 6) to base 11
1
22 (base 9) to base 14
16
11 (base 3) to base 4
10
Convert -1 (base 2) to base 13.
-1
What is 23 (base 10) in base 11?
21
What is 74 (base 10) in base 9?
82
What is 12 (base 5) in base 9?
7
Convert 10 (base 9) to base 11.
9
Convert 2 (base 16) to base 8.
2
-2 (base 5) to base 3
-2
Convert b9 (base 15) to base 3.
20110
Convert 9 (base 12) to base 14.
9
What is -25 (base 9) in base 2?
-10111
What is -102 (base 5) in base 3?
-1000
-1 (base 4) to base 9
-1
Convert -4 (base 16) to base 5.
-4
2 (base 4) to base 16
2
b3 (base 12) to base 4
2013
7 (base 11) to base 7
10
Convert a0 (base 14) to base 2.
10001100
3 (base 14) to base 8
3
-6 (base 8) to base 7
-6
What is -a (base 16) in base 14?
-a
10 (base 6) to base 14
6
-10 (base 5) to base 2
-101
Convert -1 (base 15) to base 5.
-1
11100 (base 2) to base 6
44
What is 36 (base 12) in base 2?
101010
Convert -10 (base 9) to base 10.
-9
Convert 3 (base 14) to base 8.
3
What is 64 (base 14) in base 3?
10021
Convert 20 (base 4) to base 8.
10
What is -302 (base 4) in base 10?
-50
Convert -102 (base 4) to base 6.
-30
Convert 15 (base 12) to base 5.
32
Convert 124 (base 6) to base 16.
34
Convert 1 (base 5) to base 2.
1
-2 (base 9) to base 2
-10
What is 88 (base 10) in base 7?
154
What is 2 (base 15) in base 9?
2
Convert -302 (base 5) to base 13.
-5c
What is 14 (base 14) in base 3?
200
What is -48 (base 12) in base 14?
-40
What is -3 (base 8) in base 16?
-3
What is 3 (base 11) in base 6?
3
What is -3 (base 12) in base 5?
-3
22 (base 15) to base 9
35
1102 (base 4) to base 15
57
What is -2 (base 16) in base 9?
-2
-22 (base 5) to base 14
-c
What is -b (base 15) in base 13?
-b
0 (base 14) to base 11
0
-13 (base 4) to base 5
-12
Convert 1 (base 6) to base 16.
1
Convert -2 (base 9) to base 13.
-2
What is -21 (base 3) in base 8?
-7
-7 (base 15) to base 5
-12
Convert 8 (base 11) to base 13.
8
What is 3 (base 9) in base 10?
3
120 (base 4) to base 16
18
8 (base 11) to base 9
8
What is 83 (base 11) in base 9?
111
What is -3 (base 14) in base 12?
-3
-5 (base 8) to base 12
-5
3 (base 8) to base 15
3
-1000 (base 3) to base 6
-43
0 (base 14) to base 8
0
9 (base 12) to base 2
1001
Convert -7 (base 15) to base 13.
-7
-e0 (base 16) to base 8
-340
-2 (base 7) to base 15
-2
144 (base 8) to base 5
400
Convert -11000 (base 2) to base 11.
-22
What is 4 (base 16) in base 5?
4
-1 (base 9) to base 14
-1
Convert 0 (base 6) to base 7.
0
Convert 3 (base 9) to base 3.
10
What is 2 (base 6) in base 4?
2
What is 3d (base 14) in base 15?
3a
What is 10 (base 9) in base 16?
9
-3 (base 14) to base 2
-11
-15 (base 16) to base 2
-10101
Convert -37 (base 14) to base 11.
-45
What is -1110 (base 2) in base 7?
-20
-3 (base 9) to base 6
-3
Convert -6 (base 8) to